e -133761 = -5*c + 4*u + 131059, c - 52950 = -2*u. Suppose 2*x - 7 = -17, -5*x + c = y. Is y a prime number?
False
Suppose 4*o + 4062 = -u, 5*o + 1887 + 3203 = 5*u. Let i be (4 - -10)*(-8180)/(-40). Let t = i + o. Is t prime?
True
Suppose -3*n - 12 - 120 = 0. Is -137*8/(32/n) prime?
False
Suppose -14 = 3*q + 4, -v - 3*q = -14603. Is v a composite number?
False
Let i = 1003126 + -686545. Is i a prime number?
False
Let q = -277 + 274. Is (-2 - 1) + q + 1235 composite?
False
Suppose -4*n = -l + 30583, -4*l - 3*n + 28892 = -93402. Let s = l + -17208. Is s prime?
True
Suppose 291*q = 245*q + 885914. Is q a prime number?
True
Let h = -3245 - -1052. Let i = -694 - h. Is i a prime number?
True
Let n be (450/24 - 7) + 2/8. Is 5072 - (n/6 - 9) a composite number?
True
Let w(k) = -729*k**3 + 4*k**2 + 2*k + 2. Let c = 317 + -320. Is w(c) a prime number?
False
Suppose 3*y = -4*n + 5, -4*y + 3*y + n - 3 = 0. Let q be (y - -2*2) + 12702 + -7. Suppose -8*j = -j - q. Is j a prime number?
False
Let d(z) = z**3 - 6*z**2 - 10*z + 16. Let v be d(7). Let w(r) = -30*r - 7. Let l be w(v). Let n = 428 + l. Is n a prime number?
True
Let b(j) = 4*j**3 + 2*j**2 + 46*j - 31. Let p(d) = -3*d**3 - d**2 - 44*d + 32. Let f(w) = 5*b(w) + 6*p(w). Is f(14) a composite number?
True
Let d(t) = 13*t - 24. Let f(u) = 12*u - 25. Let c(l) = -6*d(l) + 5*f(l). Let n be c(-9). Suppose m = -2*a + 6*a - 169, -3*m + n = 4*a. Is a prime?
True
Let p(q) be the first derivative of 12*q**3 + 3*q**2/2 - 10*q - 224. Suppose 0 = -2*y + 3 + 3. Is p(y) prime?
False
Let f be 30/(-75)*7*-9535. Suppose f = 3*h + 11*h. Is h a prime number?
True
Let d(u) = 4*u + 20. Let h be d(-6). Let z be 3*(h/(-2 - 2) - 0). Suppose z*g = -5*y + 409 + 10, -3*y + g + 257 = 0. Is y a composite number?
True
Let x(v) = -73*v**2 - 19*v - 15. Let k be x(-6). Let l = k - -15218. Is l composite?
False
Suppose -o - 2132 = -3*n, 2*n + 0*o = -2*o + 1432. Suppose -3*s + n = j, -2*j - 4*s = -0*j - 1418. Is j prime?
False
Let y = -896 + 1428. Let l be 654/(-27)*3*48/(-32). Suppose j - l = y. Is j prime?
True
Let l(c) = -238*c - 14. Let v be l(3). Let q = -160 + -69. Let z = q - v. Is z prime?
True
Suppose -8*m = -14*m + 183864. Let l be (m/(-42) + (-18)/(-63))*-15. Suppose 9*s = 5*s + l. Is s prime?
False
Let o(v) = -v**2 + 25*v + 150. Let w be o(-5). Suppose -3*k + s = -9944, w*k - s + 13247 = 4*k. Is k a prime number?
True
Suppose -2*u = -4*d + 2*d - 18758, 28169 = 3*u + 5*d. Suppose -3*g + 18 + 12 = 0. Suppose -g*n = -u - 4067. Is n a composite number?
True
Let m(l) = l**3 - l**2 - 8*l - 2. Let v be m(-2). Let t(w) = 717*w**v - w - w**3 + 0*w**3 - 721*w**2 + 13 - 5*w. Is t(-10) a prime number?
True
Suppose 403*k - 6284033 = -384*k + 770*k. Is k a composite number?
True
Suppose i - 134 - 35 = 0. Let p be (-5)/(-1) - (-2 + (41 - 8)). Let s = i + p. Is s prime?
False
Let c(o) be the second derivative of 23*o**3/6 - 73*o**2/2 + 9*o. Is c(6) a composite number?
True
Let l(r) = 774*r**2 + 293*r - 6. Is l(-5) a composite number?
True
Suppose -75*o = -73*o + 24. Is o/(-84) + (-50916)/(-14) composite?
False
Let m(y) be the third derivative of 41*y**8/20160 - y**7/1680 - y**6/720 + y**5/6 - 10*y**2. Let a(b) be the third derivative of m(b). Is a(2) composite?
False
Let k(a) = 39942*a - 175. Is k(9) a prime number?
False
Let g(m) = -3*m - 24. Let c be g(-13). Suppose -2*r = a - 0*r - c, 0 = 2*r - 10. Is (-69 + 11)*a/(-2) a prime number?
False
Let c(g) = -8*g**2 + 55*g + 15. Let f be c(7). Is -68*149*(-2)/f composite?
True
Suppose 0 = 5*o + k + 252 - 4574, -k + 866 = o. Let b(w) = w**2 - w - 329. Let c be b(0). Let m = c + o. Is m composite?
True
Let l = -63193 + 96480. Is l prime?
True
Suppose o - 5*g - 4 = -19, -5*o = -4*g - 9. Suppose 2*j = 3*m - 1407, 762 + 1114 = 4*m + o*j. Is m a composite number?
True
Let i(g) = 4*g**2 + 17*g - 29. Suppose -10*y = -9*y - 12. Is i(y) a prime number?
True
Suppose -5*j - 15 = z - 0*z, 5*z - 6 = 2*j. Suppose z = -4*a - 16, 2*i + 5*a + 14 = -i. Suppose 3*b - 9 = 0, -4*s - i*b = -3*s - 1223. Is s a prime number?
True
Let q(u) = 170*u + 80. Let w be q(21). Suppose w + 15811 = 13*o. Is o a composite number?
True
Let y(m) = 18950*m**2 + 10*m + 49. Is y(3) composite?
True
Suppose -3*x + 8700 = -3*f, 3*x = 6*x + 15. Let i = f - -1476. Let a = i - -2438. Is a prime?
True
Is 1632415/35 + -1 + (1 - 60/42) a prime number?
True
Let w be 12 + (7 - 15) - 19*-50. Let z = -507 + w. Is z prime?
False
Let x(d) = -5*d + 13. Let c(h) = -6*h + 14. Let r(b) = -4*c(b) + 5*x(b). Suppose -56*u - 163 = 117. Is r(u) composite?
True
Let x = 9850 + -2571. Is x prime?
False
Suppose 33 + 63 = -8*p. Let t(y) = 12*y + 16. Let j(u) = -1. Let w(s) = -3*j(s) - t(s). Is w(p) a composite number?
False
Let u = 12388 - 3609. Is u a composite number?
False
Let g be 20 + -10*4/(-8). Let s(c) = 46*c - 77. Is s(g) composite?
True
Let q(k) = k**2 - k + 185. Suppose 3*t = -0 + 9. Suppose -u = -t*u. Is q(u) a prime number?
False
Let w be (0*(-1)/3)/3 - 0. Suppose 2*i - 801 - 667 = w. Suppose -i = 5*k - 2689. Is k a prime number?
False
Let a(p) = -p + 2. Let h be a(3). Let v be (-1673 - h) + -2 + 5 - 1. Is v/(-25) - (8/10)/(-4) a composite number?
False
Suppose -642249 - 50929 = -2*w. Is w a composite number?
False
Let f = 132346 + -47445. Is f a prime number?
False
Let v(p) = 7*p**3 - 5*p**2 - 14*p - 34. Let h be v(-7). Let w = -1499 - h. Is -2*3/(-2) + w + 1 prime?
True
Let i(g) = -26050*g - 4887. Is i(-10) a composite number?
False
Let d be ((-4)/(-12))/((-116)/60 - -2). Suppose 0 = -f - 4*q + 1741, d*f - 10*q = -5*q + 8780. Is f prime?
True
Let v(d) be the third derivative of -d**7/840 + d**5/60 - 9*d**4/8 + 8*d**3/3 + 15*d**2. Let k(q) be the first derivative of v(q). Is k(-8) prime?
False
Suppose 4*h - 237216 - 255542 = 2*j, -246394 = -2*h - 4*j. Is h a composite number?
False
Suppose -8*g = -361 + 1. Suppose 3*y + 0*y = 54. Is (-10)/g + 5692/y - 2 prime?
False
Let z = -83 + 29. Let u = z - -39. Is (-76911)/(-45) - (-2)/u prime?
True
Suppose 4*b = 0, -m - 3*m = b + 248. Let h be (-4)/(-3) - m/(-6). Is -3 + (-1 + h)*(-53)/2 composite?
True
Let a = 34 + -28. Suppose -4*o + 5*o - a = 0. Is ((-8421)/(-28))/(o/16) prime?
False
Suppose 0 = 2*q - 4*q - j + 960, 2*q - 4*j - 940 = 0. Let o = 363 + q. Is o composite?
True
Let w be (165/3)/((-1316)/220 - -6). Suppose 0 = -7*i - w + 11824. Is i prime?
False
Suppose -73*r + 4542485 = 24*r - 12*r. Is r prime?
True
Let s(m) = -20*m**2 - 32 - 25*m**2 - 6*m**2 + 10*m + m. Let l be s(6). Let u = 357 - l. Is u a composite number?
True
Let d be 52/9 + (80/(-36))/(-10). Suppose -8*l = d*l - 8806. Is l composite?
True
Suppose -13*n + 14*n - 106 = 0. Let q = 647 - n. Suppose 630 = 5*p - 3*s, 4*p + 9*s - 4*s - q = 0. Is p a composite number?
True
Suppose 2*n = -26*d + 21*d + 25582, -3*n = 4*d - 38373. Is n a prime number?
True
Let v(c) = 6354*c**2 - 134*c + 915. Is v(7) composite?
False
Let r be (-19)/(-57) + (-1 - (-17)/3). Let q(c) = 22*c**3 - 13*c**2 + 6*c + 4. Is q(r) composite?
False
Let b be (-1)/((-4)/(-16)) + 114. Suppose -3764 = -18*z - b. Is z a prime number?
False
Let g(l) = 6 + 20*l**3 + 14*l**2 + 9*l + 3*l**2 - 7*l**2 - 18*l**3. Is g(11) a composite number?
True
Let s = -5300021 - -8700478. Is s a composite number?
False
Let n be 8 + (-12 + 4)/(-2). Suppose -2300 = 2*a - n*a. Suppose 2*b = 488 + a. Is b a prime number?
True
Suppose 4*u + 4*t = 28, -212*u = -207*u - 5*t - 45. Let a(j) = j**3 + 29*j**2 - 3*j + 7. Let d(z) = 15*z**2 - z + 3. Let x(c) = 4*a(c) - 9*d(c). Is x(u) prime?
True
Is ((4/(-16))/1)/(6 + (-24759779)/4126628) a composite number?
False
Let r(o) = 1751*o**2 + 7*o + 5. Let d be r(-2). Suppose -x + 2329 = 16*u - 17*u, -3*x = -u - d. Is x a prime number?
True
Suppose -707624 = -56*s + 48*s. Is s prime?
False
Let z be (28/84)/((-1)/18). Is 5/(-15) - 36404/z a prime number?
True
Let v = -59 + 58. Let w be (-7)/(14/(-6)) + v. Suppose 3 = n, w*n - 7*n + 804 = 3*q. Is q prime?
True
Let a(m) = 947*m**2 - 4*m - 6. Let u be a(-2). Suppose -5*x + 4*n = -n - u, -3*x - 2*n + 2269 = 0. Is x a prime number?
True
Let s = 129 - 221. Let l = s - -56. Let v = l + 58. Is v a prime number?
False
Is (-130)/(-1690) - 28713304/(-52) a composite number?
False
Let f = -2 - -6. Suppose 0 = -5*g - 3*z + 6, f*z - 9*